 265 = 0. Let p be 70/(-22) + (u/44 - -8). Determine x(p).
-17
Let a(g) = g**2. Suppose -43 = 7*u - 43. Let b be u/((7/(-21))/(2/(-6))). Suppose 2*h + 4 = -2*n - 0, -5*h - n - 6 = b. Calculate a(h).
1
Let o(q) = -50*q - 131. Let j(y) = 70*y + 127. Let n(u) = -2*j(u) - 3*o(u). Give n(-14).
-1
Let r(j) = 10*j - 15. Let z(h) = 2*h**3 - 8*h**2 + 2*h - 6. Let t be z(4). Let g be r(t). Let n(x) = 2*x + 2*x**2 + 3 + 3*x + 5 - g. Give n(-3).
6
Let f(m) = m**2 - 4*m - 2. Let d be 6/(1 + -3) - -2. Let y(b) = -b - 1. Let v(t) = d*f(t) + 5*y(t). Suppose 0 = 4*w - 2*r + 12, 62 - 54 = -5*w + 2*r. Give v(w).
-23
Let l(z) = -z**3 + 10*z**2 - z - 8. Let x be (-5)/(10/(-12)) - 9 - -13. Calculate l(x).
-18
Let f(y) = -5 + 2*y**2 - y**3 + 3 + y + 5*y**2. Suppose -4*k = 5*g - 3258, 4*g + 10 = 9*g. Let w = k - 805. What is f(w)?
5
Let i(z) = z**3 - 2*z**2 + 19*z - 58. Let s be i(3). Let x(h) = -4*h - 22. What is x(s)?
-54
Let n(h) = -2*h + 6*h + h**3 + 2 + 5*h**2 + 0. Let m = 17838 - 17842. Give n(m).
2
Let d be 78/8 + -3 + 102/(-136). Let q(i) = 5 - 4*i + 8 - 4. Determine q(d).
-15
Let p(b) = -3*b**2 + 2*b + 6. Let a(g) = 7*g**2 - 6*g - 12. Let r be (-8)/16 + 95/10. Let c(w) = r*p(w) + 4*a(w). Calculate c(4).
-2
Let v(k) = 398*k + 3144. Let w be v(-8). Let l(d) = -d**3 - 42*d**2 - 81*d - 32. Calculate l(w).
8
Let m(q) = 6 + 3*q - 9*q + q - 7 + 3*q. Let j(o) = -o**3 + 10*o**2 + 10*o + 15. Let c be j(11). Determine m(c).
-9
Let a = 109 - 99. Suppose 2*l + 4 = 4*u, u = 4*l + a - 2. Let m(d) = -d**2 + d - 2. Give m(u).
-2
Let b(v) = -10*v**2 + 2*v + 8. Let d(r) = -244*r - 1708. Let t be d(-7). Determine b(t).
8
Suppose -6 + 2 = -4*x. Let z be ((-1)/2)/(x/14). Let h(u) = 3*u + 427. Let v(a) = 16*a + 2344. Let w(c) = 11*h(c) - 2*v(c). What is w(z)?
2
Let l(c) = 1997*c**2 - 12 - 4*c + 16*c - 1998*c**2. Calculate l(7).
23
Let u(k) = -14 - 20 + 5 - 24 + 16 - 2*k. Give u(9).
-55
Let s(q) = -16*q - 3359*q**2 - 43 + 1684*q**2 + 1676*q**2. Determine s(20).
37
Let p(n) = n**2 + 4*n - 19. Let t be p(-7). Let d(r) = t - 11*r + 3*r**2 - 6*r**2 + 4*r**2 + 15*r. Determine d(-4).
2
Let h(v) = -v**3 - v**2 - 2*v + 14. Suppose -9*j + 0*j = 3*j - 0*j. Give h(j).
14
Let a(v) be the third derivative of -v**6/120 + v**5/12 + v**4/3 + v**3/6 - v**2 - 825*v. Calculate a(6).
13
Let h(q) = q**3 - 12*q**2 - 9*q + 21. Let n = 20954 + -20942. What is h(n)?
-87
Let b(f) = 52 - 3*f**2 - 51 + 2*f**2 - 5*f. Let k(p) = -p**2 - 8*p + 4. Let a be k(-10). Let c be 1/8*-2 + 76/a. Calculate b(c).
1
Let p(c) = c**3 - 3*c**2 - 4*c - 3. Let k = 9777 + -9772. Determine p(k).
27
Let x(o) = -o**3 + o**2 + o - 2. Let m be (-312)/76 - 19/38*4/(-19). Determine x(m).
74
Let u(w) = -41*w**3 + 9*w**2 - 57*w + 24. Let m(j) = 62*j**3 - 8*j**2 + 56*j - 25. Let p(g) = 2*m(g) + 3*u(g). Give p(-15).
7
Suppose 179*q = 207*q + 476. Let c(m) = 2*m**2 + 32*m + 5. Calculate c(q).
39
Let l(w) = w**3 - 5*w**2 + 4*w - 1. Let j(y) = 14*y - 8. Let d be j(2). Suppose d = -22*f + 21*f. Let m = -16 - f. Determine l(m).
-1
Let k(j) = 5*j**3 + j**2 - 4*j + 6. Let c(s) = -9*s**3 - s**2 + 7*s - 12. Suppose -5*t = 635 - 615. Let v(a) = t*c(a) - 7*k(a). What is v(3)?
6
Let y(w) = -3*w**2 - 29*w + 76. Suppose i = -5, 4*o - 4*i = -16 - 12. What is y(o)?
-8
Let r(j) be the third derivative of 1/6*j**3 + 0 + 0*j - 1/3*j**4 + 190*j**2. Calculate r(3).
-23
Let o(x) = 2*x**2 + 6*x - 39. Let v(k) = -3*k**2 - 5*k + 49. Let m(d) = -12*o(d) - 9*v(d). Give m(8).
3
Let o(a) = 5*a**3 + 6*a**2 - 3*a + 102. Let i(j) = 12*j**3 + 12*j**2 - 5*j + 221. Let f(q) = -3*i(q) + 7*o(q). Determine f(6).
15
Let l be (-3 - (-20)/12)/((-16)/24). Let m(j) = j - 61*j**2 - 64*j**2 + 152*j**l. What is m(-1)?
26
Let v = 32 + -30. Let h(z) = -2*z**3 + 5*z**v + 3*z**3 - 6*z + 560 - 567. Determine h(-6).
-7
Suppose 5*n + y + 3 = 1, 0 = 3*y - 9. Let p(f) be the third derivative of -f**4/3 - f**3/3 + 3*f**2 - 177*f + 12. Calculate p(n).
6
Let l(d) = -d**3 - 6*d**2 - 5*d - 1. Let s = 59 - 58. Let v be (8/4)/((-3)/2 + s). Give l(v).
-13
Let s(p) = 0*p + 80104 - 80093 + 16*p. Determine s(-10).
-149
Suppose 0*p - 12 = -b + 4*p, 4*p = 4*b - 24. Suppose b*w - 4 = -4*z - 0, -5*z + 4*w = -14. Let v(c) = -z*c + c - 27 + 17 + 15. Calculate v(8).
-3
Let b(n) = -7*n**2 - 16*n - 19. Let g(m) = m**2 - m + 1. Let d(o) = -b(o) - 6*g(o). Let h = -245 - -224. Determine d(h).
-8
Let h(w) be the second derivative of 11*w**3 + 32*w**2 - 6044*w. Give h(-1).
-2
Let k(f) = f**3 - 5*f**2 - 5*f - 1. Suppose 4*o = 101 - 313. Let r = -51 - o. Let c be 1/((-2)/(-8)) + r. Give k(c).
5
Let a(v) = -2*v**3 + 13*v**2 - 8*v - 1. Let d = 4600 + -4594. Calculate a(d).
-13
Let l(u) = u**3 + 12*u**2 - 12*u + 22. Suppose -146*f - d = -144*f + 25, -4*d + 30 = -2*f. What is l(f)?
9
Let z(f) = -2*f + 18. Suppose -38 = -17*j + 67 + 48. Determine z(j).
0
Let o(a) = -a + 1. Suppose 5*f + 5*f - 80 = 0. Suppose -g - f*g = -g. Give o(g).
1
Suppose -4*m + 3*s + 47 = 0, 74 = s + 79. Let q(o) = -21*o + 171. Determine q(m).
3
Let y(k) = k**2 + 8*k - 2. Let f = 17 + -4. Let n be ((-7)/7)/((-2)/(f*2)). Suppose 17*u - n*u + 36 = 0. What is y(u)?
7
Suppose 0 = -2416*j + 2423*j - 49. Let r(v) be the second derivative of -1/2*v**3 - j*v - 1/20*v**5 + 0 - 1/3*v**4 + 0*v**2. Determine r(-3).
0
Suppose 2*x - 3*f = -16 - 36, 0 = 2*x - 4*f + 50. Let y be 435/290 - (x/(-2) - -1). Let z(q) = q**2 + 15*q + 17. Determine z(y).
3
Let b = -188 - -193. Let a(g) = 108*g + g**2 - 217*g - 6 + 106*g. Calculate a(b).
4
Let v(r) be the second derivative of -r + 3*r**2 - 24 - 1/12*r**4 - 2*r**3. Calculate v(-9).
33
Let o(p) = -5*p**3 - 99*p**2 + 179*p + 66. Let h(n) = -7*n**3 - 133*n**2 + 238*n + 88. Let z(l) = -8*h(l) + 11*o(l). What is z(22)?
0
Let x(h) = -h**2 - 5*h + 2. Let w(a) = -a**3 + 17*a**2 + 30*a - 42. Let p be w(18). Let m = p + -179. Calculate x(m).
2
Let p(i) = -5*i**2 - 6*i + 55. Let n(v) = -16*v**2 - 18*v + 192. Let r(u) = -2*n(u) + 7*p(u). What is r(-6)?
-71
Let i(c) = -c**2. Let b = 547 - 810. Let a = 266 + b. What is i(a)?
-9
Let c(v) = 82*v**2 - 2*v**3 - 81*v**2 - 183*v + 187*v. Determine c(2).
-4
Let l = -843 - -833. Let t(w) = w - 6. Calculate t(l).
-16
Let b(t) = -5*t**2 - 42*t - 18. Let j(u) = -u**2 - 13*u + 1. Let z(c) = b(c) - 4*j(c). Give z(8).
-6
Let y(m) be the third derivative of m**7/280 + m**6/180 + m**4/12 - 79*m**3/2 - 113*m**2. Let c(o) be the first derivative of y(o). Calculate c(-2).
-14
Let l(h) = 11*h**2 + 1120*h - 1099. Let g(k) = -k**2 - 112*k + 110. Let v(c) = 21*g(c) + 2*l(c). What is v(1)?
1
Let u(x) = -x + 4. Let r(y) = -21*y + 181. Let c be r(8). Suppose -22*i = -c*i + 36. Calculate u(i).
8
Let k(q) = 2*q**3 - q**2 - q - 1. Let b be (-18)/(-4 - -8 - 7). Let v be 1*-2 + (b - 6). Calculate k(v).
-19
Suppose -f + 798 = 800. Let a(r) = 21*r**2 + 2*r + 3. Determine a(f).
83
Let k(a) be the first derivative of 7*a**2/2 - 5*a - 22. Let q(y) = 9*y - 4. Let d(r) = -5*k(r) + 4*q(r). Give d(-16).
-7
Let c(g) be the third derivative of -g**4/4 - 28*g**3/3 - 26*g**2. Let o be c(-10). Suppose 0 - o = -h. Let n(r) = -r**3 + 5*r**2 - r + 2. Give n(h).
14
Let i(o) = o**3 + 30*o**2 + 4. Suppose -s - 4*n = 50, 4*s + 3*n - 70 = -205. Let d be i(s). Let k(f) = -8*f + 6. Determine k(d).
-26
Let m(d) = 5*d + 19. Let k(u) = 81*u - 9712. Let l be k(120). Calculate m(l).
59
Let z(s) be the second derivative of 3*s**4/4 + s**3/6 + 2*s - 25. Let v = -285 - -284. Give z(v).
8
Let x(w) be the third derivative of 68*w**2 - 1/60*w**5 + 0*w + 0 + 5/24*w**4 + 0*w**3. Determine x(6).
-6
Let f(l) be the third derivative of 0 + 1/60*l**5 - 1/6*l**3 + 1/4*l**4 + 0*l - 7*l**2. Let a = 28 - 34. What is f(a)?
-1
Let b(v) = 5*v. Let z(o) = 4*o + 1. Let i(s) = -10*s + 35. Let h be i(4). Let t(k) = h*b(k) + 6*z(k). Determine t(6).
0
Let c(y) = -y**3 + 11*y**2 + 11*y - 9. Suppose 3 = -2*b - 47. Let d be (-15)/b + 2/((-30)/(-171)). What is c(d)?
-21
Let z(d) = -d**2 + 7*d - 5. Suppose 4*w - 67 = -2*q - 51, -w + 19 = 2*q. Suppose -19 = -k + 4*t, -q*t + 12*t - 22 = -4*k. Give z(k).
-5
Suppose 21*j - 5*a = 17*j + 1001, -2*a = 2*j - 514. Let x(r) = 2 - 129*r + j*r - 126*r. Calculate x(-5).
7
Let g(j) = -4*j + 16. Let h be 156/390*20/16*22. Determine g(h).
-28
Let g(y) be the second derivative of -y**5/60 - 5*y**3/6 + 3*y**2/2 + 170*y. Let l(x) be the second